it of o?
7
Suppose -11 = -g - 2*g - w, -2*g - w + 8 = 0. Suppose -g*q = -36 - 63. What is the tens digit of q?
3
Let u be 5/(-4*(-5)/300). Suppose -2*t = t - u. What is the tens digit of t?
2
Suppose -22 + 2 = -5*z. Suppose 19 + 152 = z*c - p, -38 = -c + 5*p. What is the units digit of c?
3
Suppose -c = -5*m + 5834, -3*c - 18624 = m - 1154. What is the hundreds digit of c/(-40) + (-6)/10?
1
Suppose 3*z + 18 = 5*p - 19, -z + 16 = 4*p. Let u = 490 + -436. What is the units digit of (-10)/z*u/45?
3
Let a = 381 - 153. Suppose 2*q + 3*u - 133 = 0, 5*q - a - 98 = -u. What is the units digit of q?
5
Let t be (-18)/(-45) - 246/(-10). Let d(m) = m**2 - 25*m + 4. What is the units digit of d(t)?
4
Let i be 8/40 + 2*7/5. Suppose -t = -i*x + 352, x - 4*t = -2*x + 364. What is the tens digit of x?
1
Let a(g) = -g**2 + 11*g - 20. Let m be a(8). What is the tens digit of (6/m - 21/(-42)) + 138?
4
Let r(k) be the third derivative of k**4/3 - k**3/3 + 6*k**2. What is the tens digit of r(2)?
1
Let c(t) = 141*t**2 - 6*t + 1. Let n be c(2). Suppose n = 5*y - 777. What is the hundreds digit of y?
2
Let j be (-3)/((-3)/1) + -12. Let u = -8 - j. Suppose u*f - 5*v - 2 = 80, 4*v - 88 = -4*f. What is the tens digit of f?
2
Suppose 0 = 5*o - 5*h - 3625, 2*o - 3*h - 72 - 1375 = 0. What is the tens digit of o?
2
Suppose 8*p = p. Suppose p = 2*h - 3*h + 16. What is the units digit of h?
6
Let l(y) = -y - 13. Suppose -25 = 5*j, 0 = -5*c - 0*j - 2*j - 75. Let f be l(c). Suppose -5*x - 74 = -b, f*b + x = 3*b - 152. What is the tens digit of b?
4
Suppose 166 = 6*n - 5*n. Let c = -99 + n. What is the tens digit of c?
6
Suppose 1217 = 4*g - 5*o - 533, 2*g + 4*o = 888. What is the tens digit of g?
4
Suppose -11*j = -15 - 18. What is the units digit of (-12)/((2 - j) + -1)?
6
Suppose 0 = v - 669 - 55. What is the units digit of v?
4
Let m be -5*(40/(-1) - (10 - 7)). Suppose -3*o + m = 2*o - 2*g, -3*o - g + 129 = 0. What is the tens digit of o?
4
Let p be ((-2)/(-3))/(4/(-114)). What is the tens digit of p + 18 + (-1 - -27)?
2
Let s be (68/20)/(2/10). Let k = 13 + s. What is the units digit of k?
0
Suppose -2*k = -m - 11, -2*k - 4*m = 2*k - 4. Suppose x + 5 = 0, 2*a + 0*a = k*x + 480. What is the units digit of a?
0
Let k(j) = -7*j + 21. Suppose 117 = -7*i - 2. What is the hundreds digit of k(i)?
1
Let t = -357 - -860. What is the units digit of t?
3
What is the tens digit of 8 + (3046 - -7) + -6?
5
Suppose 2*b - 12 = -b. Suppose b*t - 5 = 15, -2*o + 4*t = 16. Suppose -4*d = 2*j - 14, o*d = 4*d - 5*j + 11. What is the units digit of d?
2
Suppose -7*x + 4*x = 5*h - 51, -2*x + 50 = -2*h. What is the units digit of x?
2
Suppose -3*o = 2*c - 2*o - 10, 2*o = 5*c - 7. Suppose c + 18 = a. Suppose -4*k + 3*k = -a. What is the units digit of k?
1
Suppose -d + 0*d = -3. Suppose 10 = -2*v, 0 = -2*t - 2*v - d*v + 49. Let b = -8 + t. What is the units digit of b?
9
Let z(a) = a**3 + 9*a**2 - 10*a + 3. Let r be z(-10). Suppose -104 = -5*f - r*v, 2*v + 80 = 4*f + 6*v. What is the units digit of f - 2*6/(-4)?
5
What is the hundreds digit of (-3)/(-9) + (-135050)/(-30)?
5
Suppose 4*k = 3*y - 1347, 0*y = 2*y + 4*k - 918. What is the units digit of y?
3
What is the tens digit of 35*113 - -20*8/32?
6
Let l = -125 - -297. Suppose 7*b = 11*b - l. What is the units digit of b?
3
Let w be (96/80)/(6/20). Let r be (4 - 4)/(w/(-2)). Let n = 30 - r. What is the tens digit of n?
3
Suppose n = 261 - 51. Suppose 5*l - n = 5*v, 5*l + v - 60 = 144. Suppose 3*b - 123 = -4*t, -b + l = -0*b + t. What is the units digit of b?
1
What is the tens digit of -985*162/(-45) + 3 + -7?
4
Let b(u) = u**3 - u**2 + u - 2. Let s be b(2). Let t(m) = m**3 + m + 5. Let r be t(0). Suppose -r*g + 1 = -s*g. What is the units digit of g?
1
Let b(p) be the second derivative of p**4 + 1/20*p**5 - 1/2*p**3 + p**2 - 5*p + 0. What is the tens digit of b(-12)?
3
Let z = 33 + -13. Suppose 5*b - b = z. What is the units digit of b?
5
Suppose -3*y + 3 = -4*h + 2*y, -4*y + 12 = 0. Let i be (-2 - -1) + (1 - -17). Let m = i - h. What is the units digit of m?
4
Let o(m) = m**3 - 6*m**2 - 6*m - 10. What is the tens digit of o(12)?
8
What is the units digit of (9 + 0)/(-3) + (-1 - -5)?
1
Let m(s) = 3*s**2 - 25*s - 202. What is the tens digit of m(24)?
2
Suppose -2598 - 1137 = -9*i. What is the units digit of i?
5
Suppose -27 = -9*z + 6*z. Let t = 6 - z. What is the units digit of (-54)/(-8) - t/(-4)?
6
What is the units digit of ((-655)/(-15))/(3 - 588/198)?
1
Let s(o) = -o**2 + 57*o + 81. What is the hundreds digit of s(27)?
8
Let n = 3162 + -1144. What is the hundreds digit of n?
0
Let o be (261/58)/((-1)/(-2)). Suppose -h + 930 = o*h. What is the units digit of h?
3
Let z(r) = 29*r**2 + 6*r - 3. Let w be z(2). Suppose -n = -d + w - 2, d + 5*n - 141 = 0. What is the units digit of d?
6
Let b(q) = -q**3 + 3*q**2 + 5*q - 8. Let z be b(4). Let v be z/6*105/10. What is the units digit of 3 - 39/(v + 4)?
6
Suppose 0 = -2*q - 0*t - 3*t - 5, -4*q = 4*t. Let a(i) = i + 12. Let v be a(q). Suppose 3*g - v = 2*g. What is the units digit of g?
7
Let l be (-1 - 0)/(9/315). Let m = 33 + l. Let v = m - -41. What is the units digit of v?
9
Let v = 104 - -11. What is the tens digit of v?
1
Suppose 282 = h - 162. What is the units digit of h?
4
Let q(g) be the second derivative of g**3/6 + 5*g**2/2 - 6*g. Let f be q(-12). What is the units digit of -16*(98/8)/f?
8
Suppose -f - 3*p = p + 6, 5*f - 20 = 5*p. Suppose 3*d - 228 = 3*t, -f*t - 58 = 2*d - 230. What is the tens digit of d?
8
Let p(d) = 20 - 15 - 11 + 9*d. Let b be p(4). Let i = 110 - b. What is the units digit of i?
0
Let x(s) = s**2 + 7*s + 7. Let t be x(-7). Suppose -4*j + t*j = -6. What is the tens digit of (-2 - 0)/(j/37)?
3
Let r = -28 - -14. Let x = -142 - -136. Let v = x - r. What is the units digit of v?
8
Let r(o) = o - 3. Let t be r(15). Let k be t/9 + 2/3. Suppose 44 = k*w - 2. What is the tens digit of w?
2
Let j = 538 - 369. What is the units digit of j?
9
Let z(t) be the third derivative of t**5/60 + t**3/6 + 4*t**2. Let i be z(2). Suppose -i*h + 145 = -0*h. What is the units digit of h?
9
Let v(x) = -2*x**2 + 0*x**2 + x**2 - 16*x + 10. Let b be (84/16)/7*-16. What is the units digit of v(b)?
8
Let g(i) = -i**2 + 10*i - 21. Let o(z) = -1. Let b(x) = -g(x) + 3*o(x). What is the units digit of b(19)?
9
Let u be -10*1/2 + 4. Let a be (0/u - 5)*3. Let g = 45 + a. What is the tens digit of g?
3
Suppose 4*j = 2*u - 8, 2*u = 2*j - 0*j + 16. Suppose 2*a = -3*c + 2*c, 3*c = -2*a - 20. Let n = u + c. What is the units digit of n?
2
Suppose -6*o - 196 = -1114. Suppose 8*s - o = -s. What is the tens digit of s?
1
Suppose a - 2*n = -0*n + 6, 0 = -3*n - 12. Let d be (4/(-12))/(a/90). Suppose -d = 4*t - 71. What is the units digit of t?
4
Suppose 6*i = 11*i - 15. Suppose 0 = -3*c + g + 113, -4*c + 113 = -i*g - 41. What is the units digit of c?
7
Let j = 335 + 804. What is the units digit of j?
9
Let d be 4 - (-12)/(-4) - 1. Let x(f) = f**2 - 2*f + 88. What is the units digit of x(d)?
8
Let j(p) = 895*p**3 - 4*p**2 + 11*p - 7. What is the hundreds digit of j(1)?
8
Let w(c) = -c**3 - c**2 + c. Let g be w(-3). Let o = g - 12. What is the tens digit of (o - 6 - -30) + -2?
2
Let m(z) = 763*z**3 + 2*z**2 - 16*z + 33. What is the units digit of m(2)?
3
Let u = -782 + 1125. What is the hundreds digit of u?
3
What is the tens digit of (12/(-24))/((-2)/2560)?
4
Let x = -328 - -477. Suppose 4*w + 3*u = 337, -w - w + 5*u = -x. Let y = w + -45. What is the units digit of y?
7
Let o = 111 - 63. Suppose w - o = 58. What is the hundreds digit of w?
1
Let a be (-1)/(3/(-78)*1). Suppose 2*g - 34 = 2*s, s = g - 3*s - a. What is the units digit of g?
4
Suppose -12*q + 9224 + 7480 = 0. What is the tens digit of q?
9
Let w be (810/24)/(-3)*32/(-6). What is the units digit of (12/(-5))/(3/(w/(-8)))?
6
Let p(x) = -x**3 + 10*x**2 - 9*x - 6. Let m be p(9). Let g(t) be the third derivative of -t**4/4 - 11*t**3/6 + 4*t**2. What is the units digit of g(m)?
5
Suppose 3*f + 4 - 1 = 0. What is the units digit of f/((-4)/8) - -31?
3
Suppose 2*z = -w + 18, -5*w + z = -w - 27. Let a(f) be the third derivative of f**5/60 - f**4/6 - 5*f**3/3 + 10*f**2. What is the tens digit of a(w)?
2
Let s = 57 - 57. Suppose 3*w + g - 119 = 0, s*w + 37 = 